{"id":1699,"date":"2021-11-08T16:20:16","date_gmt":"2021-11-08T14:20:16","guid":{"rendered":"http:\/\/hgv-bordesholm.de.w01c4eb1.kasserver.com\/?page_id=1699"},"modified":"2025-12-04T21:18:20","modified_gmt":"2025-12-04T19:18:20","slug":"bummelbon","status":"publish","type":"page","link":"https:\/\/hgv-bordesholm.de\/index.php\/bummelbon\/","title":{"rendered":"Bummelbon"},"content":{"rendered":"<p>[et_pb_section fb_built=&#8220;1&#8243; _builder_version=&#8220;4.16&#8243; global_colors_info=&#8220;{}&#8220;][et_pb_row _builder_version=&#8220;4.16&#8243; background_size=&#8220;initial&#8220; background_position=&#8220;top_left&#8220; background_repeat=&#8220;repeat&#8220; global_colors_info=&#8220;{}&#8220;][et_pb_column type=&#8220;4_4&#8243; _builder_version=&#8220;4.16&#8243; custom_padding=&#8220;|||&#8220; global_colors_info=&#8220;{}&#8220; custom_padding__hover=&#8220;|||&#8220;][et_pb_text admin_label=&#8220;Bummelbon&#8220; _builder_version=&#8220;4.27.4&#8243; hover_enabled=&#8220;0&#8243; z_index_tablet=&#8220;500&#8243; global_colors_info=&#8220;{}&#8220; sticky_enabled=&#8220;0&#8243;]<\/p>\n<h2>Bordesholmer Bummelbon<\/h2>\n<p>Bummeln mit Spa\u00df \u2013 mit dem Bummel-Bon! <strong>Das Shoppen in Bordesholm macht Spa\u00df, <\/strong>denn mit dem Bordesholmer Bummel- Bon hat Mann, Frau oder Kind in jedem Fall die passende Geschenkidee! Und wenn Sie selbst zu den gl\u00fccklich Beschenkten geh\u00f6ren und im Besitz eines oder mehrerer Bordesholmer Bummel-Bons sind, dann haben Sie jetzt die Qual der Wahl.<\/p>\n<h2>Bummelbon-Gesch\u00e4fte<\/h2>\n<p>Warum? Weil Sie die 10,00 Euro-, 15,00 Euro- oder 25,00-Euro-Warengutscheine in s\u00e4mtlichen Bummelbon-Gesch\u00e4ften des Bordesholmer Landes \u2013 von der Apotheke bis zum Zweiradgesch\u00e4ft \u2013 einl\u00f6sen k\u00f6nnen. Alle Gesch\u00e4fte und Betriebe, die den Bordesholmer-Bummel-Bon-Aufkleber<strong> &#8222;Hier bummeln Sie richtig!&#8220;<\/strong> tragen, sind Partner der Kooperation. \u00dcberall dort k\u00f6nnen Sie beliebig viele Bordesholmer Bummel-Bons einl\u00f6sen und sich passende Waren aussuchen.\u00a0 Erwerben k\u00f6nnen Sie den <strong>Bordesholmer Bummel-Bon<\/strong> in der Gesch\u00e4ftsstelle der Bordesholmer Sparkasse und der<strong> VR-Bank zwischen den Meeren<\/strong> in Bordesholm. \u00dcber 50 Betriebe aus dem Bordesholmer Land sind von Anfang an dabei und gew\u00e4hrleisten ein tolles Gesamtangebot \u2013 weitere werden folgen.<\/p>\n<h4>Sie finden die Liste aller mitwirkenden Betriebe laufend aktualisiert im <strong><a href=\"http:\/\/www.hgv-bordesholm.de\/index.php\/bordesholmer-bummelbon\/\" target=\"_blank\" rel=\"noopener\">Internet<\/a><\/strong>.<\/h4>\n<h2>\u00a0<\/h2>\n<h2>Bummeln Sie einfach richtig in Bordesholm!<\/h2>\n<p><a href=\"https:\/\/www.hgv-bordesholm.de\/wp-content\/uploads\/2012\/11\/aufkleber-bordesholmer-bummelbon.jpg\"><img loading=\"lazy\" decoding=\"async\" class=\"alignnone size-full wp-image-118\" title=\"Bordesholmer Bummelbon\" src=\"https:\/\/www.hgv-bordesholm.de\/wp-content\/uploads\/2012\/11\/aufkleber-bordesholmer-bummelbon.jpg\" alt=\"Bordesholmer Bummelbon\" width=\"450\" height=\"462\" srcset=\"https:\/\/hgv-bordesholm.de\/wp-content\/uploads\/2012\/11\/aufkleber-bordesholmer-bummelbon.jpg 450w, https:\/\/hgv-bordesholm.de\/wp-content\/uploads\/2012\/11\/aufkleber-bordesholmer-bummelbon-292x300.jpg 292w\" sizes=\"(max-width: 450px) 100vw, 450px\" \/><\/a><\/p>\n<p>Mit dem Verschenken des Bordesholmer Bummel-Bons machen Sie Ihrer Familie, Freunden und Bekannten nicht nur eine gro\u00dfe Freude \u2013 Sie unterst\u00fctzen gleichzeitig die Region, in der wir alle leben. Wer einkauft, wo er lebt, sorgt daf\u00fcr, dass die Angebotsvielfalt vor Ort erhalten bleibt oder sogar ausgebaut werden kann. Mit dem Bordesholmer Bummel-Bon m\u00f6chten wir es Ihnen einfach und bequem machen, zuk\u00fcnftig noch mehr auf Regionalit\u00e4t und Zusammenhalt zu setzen und die Wirtschaftskraft des Bordesholmer Landes zu st\u00e4rken:<\/p>\n<h2>Hier wohne ich \u2013 hier kaufe ich ein!<\/h2>\n<p>Viel Spa\u00df beim Bummeln w\u00fcnscht der HGV Bordesholm und Umgebung e.V.<\/p>\n<p>[\/et_pb_text][\/et_pb_column][\/et_pb_row][\/et_pb_section]<\/p>\n","protected":false},"excerpt":{"rendered":"<p>Bordesholmer Bummelbon Bummeln mit Spa\u00df \u2013 mit dem Bummel-Bon! Das Shoppen in Bordesholm macht Spa\u00df, denn mit dem Bordesholmer Bummel- Bon hat Mann, Frau oder Kind in jedem Fall die passende Geschenkidee! Und wenn Sie selbst zu den gl\u00fccklich Beschenkten geh\u00f6ren und im Besitz eines oder mehrerer Bordesholmer Bummel-Bons sind, dann haben Sie jetzt die [&hellip;]<\/p>\n","protected":false},"author":2,"featured_media":0,"parent":0,"menu_order":0,"comment_status":"closed","ping_status":"closed","template":"","meta":{"_et_pb_use_builder":"on","_et_pb_old_content":"","_et_gb_content_width":"","footnotes":""},"class_list":["post-1699","page","type-page","status-publish","hentry"],"_links":{"self":[{"href":"https:\/\/hgv-bordesholm.de\/index.php\/wp-json\/wp\/v2\/pages\/1699","targetHints":{"allow":["GET"]}}],"collection":[{"href":"https:\/\/hgv-bordesholm.de\/index.php\/wp-json\/wp\/v2\/pages"}],"about":[{"href":"https:\/\/hgv-bordesholm.de\/index.php\/wp-json\/wp\/v2\/types\/page"}],"author":[{"embeddable":true,"href":"https:\/\/hgv-bordesholm.de\/index.php\/wp-json\/wp\/v2\/users\/2"}],"replies":[{"embeddable":true,"href":"https:\/\/hgv-bordesholm.de\/index.php\/wp-json\/wp\/v2\/comments?post=1699"}],"version-history":[{"count":3,"href":"https:\/\/hgv-bordesholm.de\/index.php\/wp-json\/wp\/v2\/pages\/1699\/revisions"}],"predecessor-version":[{"id":2659,"href":"https:\/\/hgv-bordesholm.de\/index.php\/wp-json\/wp\/v2\/pages\/1699\/revisions\/2659"}],"wp:attachment":[{"href":"https:\/\/hgv-bordesholm.de\/index.php\/wp-json\/wp\/v2\/media?parent=1699"}],"curies":[{"name":"wp","href":"https:\/\/api.w.org\/{rel}","templated":true}]}}