{"id":558,"date":"2019-05-29T14:30:03","date_gmt":"2019-05-29T12:30:03","guid":{"rendered":"http:\/\/hgv-bordesholm.de.w01c4eb1.kasserver.com\/?page_id=558"},"modified":"2026-04-17T12:56:42","modified_gmt":"2026-04-17T10:56:42","slug":"willkommen-beim-handwerks-und-gewerbeverein-bordesholmer-land","status":"publish","type":"page","link":"https:\/\/hgv-bordesholm.de\/","title":{"rendered":"Startseite"},"content":{"rendered":"<p>[et_pb_section fb_built=&#8220;1&#8243; admin_label=&#8220;section&#8220; _builder_version=&#8220;4.16&#8243; global_colors_info=&#8220;{}&#8220;][et_pb_row admin_label=&#8220;row&#8220; _builder_version=&#8220;4.16&#8243; background_size=&#8220;initial&#8220; background_position=&#8220;top_left&#8220; background_repeat=&#8220;repeat&#8220; collapsed=&#8220;off&#8220; global_colors_info=&#8220;{}&#8220;][et_pb_column type=&#8220;4_4&#8243; _builder_version=&#8220;4.16&#8243; custom_padding=&#8220;|||&#8220; global_colors_info=&#8220;{}&#8220; custom_padding__hover=&#8220;|||&#8220;][et_pb_text admin_label=&#8220;Willkommen beim Handwerks- und Gewerbeverein Bordesholmer Land&#8220; _builder_version=&#8220;4.23.4&#8243; z_index_tablet=&#8220;500&#8243; global_colors_info=&#8220;{}&#8220;]<\/p>\n<h1 style=\"text-align: center;\"><strong>Willkommen beim Handwerks- und Gewerbeverein<br \/>Bordesholmer Land e.V.<\/strong><\/h1>\n<p>&nbsp;<\/p>\n<p>[\/et_pb_text][\/et_pb_column][\/et_pb_row][et_pb_row _builder_version=&#8220;4.23.4&#8243; _module_preset=&#8220;default&#8220; global_colors_info=&#8220;{}&#8220;][et_pb_column type=&#8220;4_4&#8243; _builder_version=&#8220;4.23.4&#8243; _module_preset=&#8220;default&#8220; global_colors_info=&#8220;{}&#8220;][et_pb_button url_new_window=&#8220;on&#8220; button_text=&#8220;Donnerstag, 12. M\u00e4rz 2026 | ab 18:00 Uhr Pick it Up GmbH, B\u00f6ken 4, 24582 Br\u00fcgge&#8220; button_alignment=&#8220;center&#8220; disabled_on=&#8220;on|on|on&#8220; _builder_version=&#8220;4.27.4&#8243; _module_preset=&#8220;default&#8220; custom_button=&#8220;on&#8220; button_text_size=&#8220;23px&#8220; button_text_color=&#8220;#000000&#8243; button_bg_color=&#8220;#7CDA24&#8243; button_bg_use_color_gradient=&#8220;on&#8220; button_border_width=&#8220;4px&#8220; button_border_color=&#8220;#7CDA24&#8243; button_use_icon=&#8220;off&#8220; button_text_shadow_style=&#8220;preset3&#8243; disabled=&#8220;on&#8220; locked=&#8220;off&#8220; global_colors_info=&#8220;{}&#8220;][\/et_pb_button][\/et_pb_column][\/et_pb_row][et_pb_row _builder_version=&#8220;4.23.4&#8243; _module_preset=&#8220;default&#8220; collapsed=&#8220;off&#8220; global_colors_info=&#8220;{}&#8220;][et_pb_column type=&#8220;4_4&#8243; _builder_version=&#8220;4.23.4&#8243; _module_preset=&#8220;default&#8220; global_colors_info=&#8220;{}&#8220;][et_pb_button url_new_window=&#8220;on&#8220; button_text=&#8220;30. April 2026, 18:00 Uhr, Maikranz binden &#038; Kl\u00f6nschnack, Heide-Simonis-Platz am Rathaus&#8220; button_alignment=&#8220;center&#8220; disabled_on=&#8220;off|off|off&#8220; _builder_version=&#8220;4.27.4&#8243; _module_preset=&#8220;default&#8220; custom_button=&#8220;on&#8220; button_text_size=&#8220;23px&#8220; button_text_color=&#8220;#000000&#8243; button_bg_color=&#8220;#7CDA24&#8243; button_bg_use_color_gradient=&#8220;on&#8220; button_border_width=&#8220;4px&#8220; button_border_color=&#8220;#7CDA24&#8243; hover_enabled=&#8220;0&#8243; button_text_shadow_style=&#8220;preset3&#8243; global_colors_info=&#8220;{}&#8220; button_use_icon=&#8220;off&#8220; sticky_enabled=&#8220;0&#8243;][\/et_pb_button][\/et_pb_column][\/et_pb_row][et_pb_row column_structure=&#8220;1_3,1_3,1_3&#8243; _builder_version=&#8220;4.16&#8243; background_size=&#8220;initial&#8220; background_position=&#8220;top_left&#8220; background_repeat=&#8220;repeat&#8220; global_colors_info=&#8220;{}&#8220;][et_pb_column type=&#8220;1_3&#8243; _builder_version=&#8220;4.16&#8243; custom_padding=&#8220;|||&#8220; global_colors_info=&#8220;{}&#8220; custom_padding__hover=&#8220;|||&#8220;][et_pb_blurb title=&#8220;Terminkalender&#8220; url=&#8220;http:\/\/www.hgv-bordesholm.de\/index.php\/termine-und-veranstaltungen\/&#8220; image=&#8220;https:\/\/www.hgv-bordesholm.de\/wp-content\/uploads\/2019\/07\/Kalender-2.jpg&#8220; admin_label=&#8220;Terminkalender&#8220; _builder_version=&#8220;4.16&#8243; z_index_tablet=&#8220;500&#8243; global_colors_info=&#8220;{}&#8220;]<\/p>\n<p>Hier weisen wir auf Termine, wie Mitglieder- versammlungen und Vorstandssitzungen wie auch verschiedene Veranstaltungen hin.<\/p>\n<p>[\/et_pb_blurb][et_pb_blurb title=&#8220;Bummelbon&#8220; url=&#8220;https:\/\/hgv-bordesholm.de\/index.php\/bordesholmer-bummelbon\/&#8220; image=&#8220;https:\/\/www.hgv-bordesholm.de\/wp-content\/uploads\/2012\/11\/bordesholmer-bon-gefaechert-e1562063690890.jpg&#8220; admin_label=&#8220;Bummelbon Bordesholm&#8220; _builder_version=&#8220;4.27.4&#8243; z_index_tablet=&#8220;500&#8243; global_colors_info=&#8220;{}&#8220;]<\/p>\n<p>Ein Warengutschein f\u00fcr eine bunte Vielfalt von Gesch\u00e4ften im Bordesholmer Land: Ein Geschenk mit echtem Mehrwert!<\/p>\n<p>[\/et_pb_blurb][\/et_pb_column][et_pb_column type=&#8220;1_3&#8243; _builder_version=&#8220;4.16&#8243; custom_padding=&#8220;|||&#8220; global_colors_info=&#8220;{}&#8220; custom_padding__hover=&#8220;|||&#8220;][et_pb_blurb title=&#8220;Handwerksbetriebe&#8220; url=&#8220;http:\/\/www.hgv-bordesholm.de\/index.php\/handwerksbetriebe\/&#8220; image=&#8220;https:\/\/www.hgv-bordesholm.de\/wp-content\/uploads\/2019\/10\/Kranzbinden-net-2019-1-e1580294391404.jpg&#8220; admin_label=&#8220;Handwerksbetriebe&#8220; _builder_version=&#8220;4.23.4&#8243; global_colors_info=&#8220;{}&#8220;]<\/p>\n<p>Hier finden Sie einen \u00dcberblick die Handwerksbetriebe unter unseren Mitgliedern. Informieren Sie sich!<\/p>\n<p>[\/et_pb_blurb][et_pb_blurb title=&#8220;Unternehmer*in des Jahres&#8220; url=&#8220;http:\/\/www.hgv-bordesholm.de\/index.php\/unternehmerin-des-jahres\/&#8220; image=&#8220;https:\/\/www.hgv-bordesholm.de\/wp-content\/uploads\/2019\/01\/IMG_5242-e1592228918794.jpg&#8220; admin_label=&#8220;Unternehmer*in des Jahres&#8220; _builder_version=&#8220;4.16&#8243; background_color=&#8220;#ffffff&#8220; z_index_tablet=&#8220;500&#8243; global_colors_info=&#8220;{}&#8220;]<\/p>\n<p>Alle zwei Jahre wird ein Unternehmer*in f\u00fcr seine\/ihre Leistungen im Rahmen einer Festveranstaltung vom HGV geehrt.<\/p>\n<p>[\/et_pb_blurb][\/et_pb_column][et_pb_column type=&#8220;1_3&#8243; _builder_version=&#8220;4.16&#8243; custom_padding=&#8220;|||&#8220; global_colors_info=&#8220;{}&#8220; custom_padding__hover=&#8220;|||&#8220;][et_pb_blurb title=&#8220;Gewerbetreibende&#8220; url=&#8220;http:\/\/www.hgv-bordesholm.de\/index.php\/gewerbebetriebe\/&#8220; image=&#8220;https:\/\/www.hgv-bordesholm.de\/wp-content\/uploads\/2015\/11\/tafel-einkauf-e1592228458972.jpg&#8220; admin_label=&#8220;Gewerbetreibende&#8220; _builder_version=&#8220;4.23.4&#8243; global_colors_info=&#8220;{}&#8220;]<\/p>\n<p>Hier ein \u00dcberblick \u00fcber gewerbetreibende Mitglieder des HGV! Bild: \u00dcbergabe einer Spende an die Bordesholmer Tafel.<\/p>\n<p>[\/et_pb_blurb][et_pb_blurb title=&#8220;Veranstaltungen und After-Work&#8220; url=&#8220;http:\/\/www.hgv-bordesholm.de\/index.php\/verkaufsoffener-sonntag\/&#8220; image=&#8220;https:\/\/hgv-bordesholm.de\/wp-content\/uploads\/2024\/11\/Bahnhofstr-5-scaled-e1730980250835.jpg&#8220; admin_label=&#8220;Veranstaltungen&#8220; _builder_version=&#8220;4.23.4&#8243; z_index_tablet=&#8220;500&#8243; global_colors_info=&#8220;{}&#8220;]<\/p>\n<p>&#8222;Zum Gl\u00fcck in Bordesholm&#8220;<br \/>Veranstaltungen und After-Work-Treffen sind Ausdruck der Lebensfreuede und geben Gelegenheit zu Erfahrungs- und Meinungsaustausch in zwangslosem Rahmen.<\/p>\n<p>[\/et_pb_blurb][\/et_pb_column][\/et_pb_row][et_pb_row _builder_version=&#8220;4.19.4&#8243; _module_preset=&#8220;default&#8220; global_colors_info=&#8220;{}&#8220;][et_pb_column type=&#8220;4_4&#8243; _builder_version=&#8220;4.19.4&#8243; _module_preset=&#8220;default&#8220; global_colors_info=&#8220;{}&#8220;][et_pb_blurb admin_label=&#8220;Praktikum&#8220; _builder_version=&#8220;4.23.4&#8243; _module_preset=&#8220;default&#8220; box_shadow_style=&#8220;preset6&#8243; box_shadow_spread=&#8220;20px&#8220; box_shadow_color=&#8220;#7CDA24&#8243; global_colors_info=&#8220;{}&#8220;]<\/p>\n<h3>\u00a0<\/h3>\n<h3 style=\"text-align: center;\"><strong>Praktikumsplatz gesucht?<br \/><\/strong><\/h3>\n<p style=\"text-align: center;\"><strong>Unsere Mitglieder nehmen gerne Praktikantinnen und Praktikanten auf, informieren \u00fcber ihr Gewerbe bzw. ihren Betrieb. <br \/>Bei Interesse bitte <a href=\"mailto:hgv.schellewald@gmail.com\" target=\"_blank\" rel=\"noopener\">E-Mail an den HGV<\/a>.<br \/><\/strong><\/p>\n<p>&nbsp;<\/p>\n<p>[\/et_pb_blurb][\/et_pb_column][\/et_pb_row][et_pb_row _builder_version=&#8220;4.16&#8243; global_colors_info=&#8220;{}&#8220;][et_pb_column type=&#8220;4_4&#8243; _builder_version=&#8220;4.16&#8243; global_colors_info=&#8220;{}&#8220;][et_pb_text admin_label=&#8220;Corona Anzeige&#8220; _builder_version=&#8220;4.23.4&#8243; text_font_size=&#8220;9px&#8220; text_line_height=&#8220;1.6em&#8220; background_color=&#8220;#7cda24&#8243; border_width_all=&#8220;3px&#8220; box_shadow_style=&#8220;preset6&#8243; global_colors_info=&#8220;{}&#8220;]<\/p>\n<p>&nbsp;<\/p>\n<h4 style=\"text-align: center;\"><strong>Liebe Mitb\u00fcrgerinnen und Mitb\u00fcrger, wir bauen auf Ihre Loyalit\u00e4t.<br \/><\/strong><\/h4>\n<h4 style=\"text-align: center;\"><span style=\"color: #ff0000;\"><strong>Lokal shoppen &#8211; gemeinsam f\u00fcr Bordesholm!<\/strong><\/span><\/h4>\n<h4 style=\"text-align: center;\"><span style=\"color: #333333;\"><strong>Helfen Sie unseren Gesch\u00e4ften, ihre und die Zukunft ihrer Mitarbeiter*innen zu sichern<\/strong><strong>!<\/strong><\/span><\/h4>\n<h4 style=\"text-align: center;\"><span style=\"color: #0000ff;\"><strong><span style=\"color: #333333;\">Nutzen Sie unser vielf\u00e4ltiges regionales Angebot und die pers\u00f6nliche Beratung!<\/span><br \/><\/strong><\/span><\/h4>\n<h4 style=\"text-align: center;\"><span style=\"color: #ff0000;\"><strong>E<\/strong><strong>rhalten Sie die lebendige, lebenswerte Einkaufsvielfalt im Ort!<\/strong><\/span><\/h4>\n<h4 style=\"text-align: center;\"><strong>Ihr HGV-Vorstand<\/strong><\/h4>\n<p>&nbsp;<\/p>\n<p>[\/et_pb_text][\/et_pb_column][\/et_pb_row][\/et_pb_section]<\/p>\n","protected":false},"excerpt":{"rendered":"<p>Willkommen beim Handwerks- und GewerbevereinBordesholmer Land e.V. &nbsp;Hier weisen wir auf Termine, wie Mitglieder- versammlungen und Vorstandssitzungen wie auch verschiedene Veranstaltungen hin.Ein Warengutschein f\u00fcr eine bunte Vielfalt von Gesch\u00e4ften im Bordesholmer Land: Ein Geschenk mit echtem Mehrwert!Hier finden Sie einen \u00dcberblick die Handwerksbetriebe unter unseren Mitgliedern. Informieren Sie sich!Alle zwei Jahre wird ein Unternehmer*in f\u00fcr [&hellip;]<\/p>\n","protected":false},"author":2,"featured_media":2415,"parent":0,"menu_order":0,"comment_status":"closed","ping_status":"closed","template":"","meta":{"_et_pb_use_builder":"on","_et_pb_old_content":"","_et_gb_content_width":"","footnotes":""},"class_list":["post-558","page","type-page","status-publish","has-post-thumbnail","hentry"],"_links":{"self":[{"href":"https:\/\/hgv-bordesholm.de\/index.php\/wp-json\/wp\/v2\/pages\/558","targetHints":{"allow":["GET"]}}],"collection":[{"href":"https:\/\/hgv-bordesholm.de\/index.php\/wp-json\/wp\/v2\/pages"}],"about":[{"href":"https:\/\/hgv-bordesholm.de\/index.php\/wp-json\/wp\/v2\/types\/page"}],"author":[{"embeddable":true,"href":"https:\/\/hgv-bordesholm.de\/index.php\/wp-json\/wp\/v2\/users\/2"}],"replies":[{"embeddable":true,"href":"https:\/\/hgv-bordesholm.de\/index.php\/wp-json\/wp\/v2\/comments?post=558"}],"version-history":[{"count":3,"href":"https:\/\/hgv-bordesholm.de\/index.php\/wp-json\/wp\/v2\/pages\/558\/revisions"}],"predecessor-version":[{"id":2710,"href":"https:\/\/hgv-bordesholm.de\/index.php\/wp-json\/wp\/v2\/pages\/558\/revisions\/2710"}],"wp:featuredmedia":[{"embeddable":true,"href":"https:\/\/hgv-bordesholm.de\/index.php\/wp-json\/wp\/v2\/media\/2415"}],"wp:attachment":[{"href":"https:\/\/hgv-bordesholm.de\/index.php\/wp-json\/wp\/v2\/media?parent=558"}],"curies":[{"name":"wp","href":"https:\/\/api.w.org\/{rel}","templated":true}]}}

<p>[et_pb_section fb_built=&#8220;1&#8243; admin_label=&#8220;section&#8220; _builder_version=&#8220;4.16&#8243; global_colors_info=&#8220;{}&#8220;][et_pb_row admin_label=&#8220;row&#8220; _builder_version=&#8220;4.16&#8243; background_size=&#8220;initial&#8220; background_position=&#8220;top_left&#8220; background_repeat=&#8220;repeat&#8220; collapsed=&#8220;off&#8220; global_colors_info=&#8220;{}&#8220;][et_pb_column type=&#8220;4_4&#8243; _builder_version=&#8220;4.16&#8243; custom_padding=&#8220;|||&#8220; global_colors_info=&#8220;{}&#8220; custom_padding__hover=&#8220;|||&#8220;][et_pb_text admin_label=&#8220;Willkommen beim Handwerks- und Gewerbeverein Bordesholmer Land&#8220; _builder_version=&#8220;4.23.4&#8243; z_index_tablet=&#8220;500&#8243; global_colors_info=&#8220;{}&#8220;]</p>
<h1 style="text-align: center;"><strong>Willkommen beim Handwerks- und Gewerbeverein<br />Bordesholmer Land e.V.</strong></h1>
<p>&nbsp;</p>
<p>[/et_pb_text][/et_pb_column][/et_pb_row][et_pb_row _builder_version=&#8220;4.23.4&#8243; _module_preset=&#8220;default&#8220; global_colors_info=&#8220;{}&#8220;][et_pb_column type=&#8220;4_4&#8243; _builder_version=&#8220;4.23.4&#8243; _module_preset=&#8220;default&#8220; global_colors_info=&#8220;{}&#8220;][et_pb_button url_new_window=&#8220;on&#8220; button_text=&#8220;Donnerstag, 12. März 2026 | ab 18:00 Uhr Pick it Up GmbH, Böken 4, 24582 Brügge&#8220; button_alignment=&#8220;center&#8220; disabled_on=&#8220;on|on|on&#8220; _builder_version=&#8220;4.27.4&#8243; _module_preset=&#8220;default&#8220; custom_button=&#8220;on&#8220; button_text_size=&#8220;23px&#8220; button_text_color=&#8220;#000000&#8243; button_bg_color=&#8220;#7CDA24&#8243; button_bg_use_color_gradient=&#8220;on&#8220; button_border_width=&#8220;4px&#8220; button_border_color=&#8220;#7CDA24&#8243; button_use_icon=&#8220;off&#8220; button_text_shadow_style=&#8220;preset3&#8243; disabled=&#8220;on&#8220; locked=&#8220;off&#8220; global_colors_info=&#8220;{}&#8220;][/et_pb_button][/et_pb_column][/et_pb_row][et_pb_row _builder_version=&#8220;4.23.4&#8243; _module_preset=&#8220;default&#8220; collapsed=&#8220;off&#8220; global_colors_info=&#8220;{}&#8220;][et_pb_column type=&#8220;4_4&#8243; _builder_version=&#8220;4.23.4&#8243; _module_preset=&#8220;default&#8220; global_colors_info=&#8220;{}&#8220;][et_pb_button url_new_window=&#8220;on&#8220; button_text=&#8220;30. April 2026, 18:00 Uhr, Maikranz binden &#038; Klönschnack, Heide-Simonis-Platz am Rathaus&#8220; button_alignment=&#8220;center&#8220; disabled_on=&#8220;off|off|off&#8220; _builder_version=&#8220;4.27.4&#8243; _module_preset=&#8220;default&#8220; custom_button=&#8220;on&#8220; button_text_size=&#8220;23px&#8220; button_text_color=&#8220;#000000&#8243; button_bg_color=&#8220;#7CDA24&#8243; button_bg_use_color_gradient=&#8220;on&#8220; button_border_width=&#8220;4px&#8220; button_border_color=&#8220;#7CDA24&#8243; hover_enabled=&#8220;0&#8243; button_text_shadow_style=&#8220;preset3&#8243; global_colors_info=&#8220;{}&#8220; button_use_icon=&#8220;off&#8220; sticky_enabled=&#8220;0&#8243;][/et_pb_button][/et_pb_column][/et_pb_row][et_pb_row column_structure=&#8220;1_3,1_3,1_3&#8243; _builder_version=&#8220;4.16&#8243; background_size=&#8220;initial&#8220; background_position=&#8220;top_left&#8220; background_repeat=&#8220;repeat&#8220; global_colors_info=&#8220;{}&#8220;][et_pb_column type=&#8220;1_3&#8243; _builder_version=&#8220;4.16&#8243; custom_padding=&#8220;|||&#8220; global_colors_info=&#8220;{}&#8220; custom_padding__hover=&#8220;|||&#8220;][et_pb_blurb title=&#8220;Terminkalender&#8220; url=&#8220;http://www.hgv-bordesholm.de/index.php/termine-und-veranstaltungen/&#8220; image=&#8220;https://www.hgv-bordesholm.de/wp-content/uploads/2019/07/Kalender-2.jpg&#8220; admin_label=&#8220;Terminkalender&#8220; _builder_version=&#8220;4.16&#8243; z_index_tablet=&#8220;500&#8243; global_colors_info=&#8220;{}&#8220;]</p>
<p>Hier weisen wir auf Termine, wie Mitglieder- versammlungen und Vorstandssitzungen wie auch verschiedene Veranstaltungen hin.</p>
<p>[/et_pb_blurb][et_pb_blurb title=&#8220;Bummelbon&#8220; url=&#8220;https://hgv-bordesholm.de/index.php/bordesholmer-bummelbon/&#8220; image=&#8220;https://www.hgv-bordesholm.de/wp-content/uploads/2012/11/bordesholmer-bon-gefaechert-e1562063690890.jpg&#8220; admin_label=&#8220;Bummelbon Bordesholm&#8220; _builder_version=&#8220;4.27.4&#8243; z_index_tablet=&#8220;500&#8243; global_colors_info=&#8220;{}&#8220;]</p>
<p>Ein Warengutschein für eine bunte Vielfalt von Geschäften im Bordesholmer Land: Ein Geschenk mit echtem Mehrwert!</p>
<p>[/et_pb_blurb][/et_pb_column][et_pb_column type=&#8220;1_3&#8243; _builder_version=&#8220;4.16&#8243; custom_padding=&#8220;|||&#8220; global_colors_info=&#8220;{}&#8220; custom_padding__hover=&#8220;|||&#8220;][et_pb_blurb title=&#8220;Handwerksbetriebe&#8220; url=&#8220;http://www.hgv-bordesholm.de/index.php/handwerksbetriebe/&#8220; image=&#8220;https://www.hgv-bordesholm.de/wp-content/uploads/2019/10/Kranzbinden-net-2019-1-e1580294391404.jpg&#8220; admin_label=&#8220;Handwerksbetriebe&#8220; _builder_version=&#8220;4.23.4&#8243; global_colors_info=&#8220;{}&#8220;]</p>
<p>Hier finden Sie einen Überblick die Handwerksbetriebe unter unseren Mitgliedern. Informieren Sie sich!</p>
<p>[/et_pb_blurb][et_pb_blurb title=&#8220;Unternehmer*in des Jahres&#8220; url=&#8220;http://www.hgv-bordesholm.de/index.php/unternehmerin-des-jahres/&#8220; image=&#8220;https://www.hgv-bordesholm.de/wp-content/uploads/2019/01/IMG_5242-e1592228918794.jpg&#8220; admin_label=&#8220;Unternehmer*in des Jahres&#8220; _builder_version=&#8220;4.16&#8243; background_color=&#8220;#ffffff&#8220; z_index_tablet=&#8220;500&#8243; global_colors_info=&#8220;{}&#8220;]</p>
<p>Alle zwei Jahre wird ein Unternehmer*in für seine/ihre Leistungen im Rahmen einer Festveranstaltung vom HGV geehrt.</p>
<p>[/et_pb_blurb][/et_pb_column][et_pb_column type=&#8220;1_3&#8243; _builder_version=&#8220;4.16&#8243; custom_padding=&#8220;|||&#8220; global_colors_info=&#8220;{}&#8220; custom_padding__hover=&#8220;|||&#8220;][et_pb_blurb title=&#8220;Gewerbetreibende&#8220; url=&#8220;http://www.hgv-bordesholm.de/index.php/gewerbebetriebe/&#8220; image=&#8220;https://www.hgv-bordesholm.de/wp-content/uploads/2015/11/tafel-einkauf-e1592228458972.jpg&#8220; admin_label=&#8220;Gewerbetreibende&#8220; _builder_version=&#8220;4.23.4&#8243; global_colors_info=&#8220;{}&#8220;]</p>
<p>Hier ein Überblick über gewerbetreibende Mitglieder des HGV! Bild: Übergabe einer Spende an die Bordesholmer Tafel.</p>
<p>[/et_pb_blurb][et_pb_blurb title=&#8220;Veranstaltungen und After-Work&#8220; url=&#8220;http://www.hgv-bordesholm.de/index.php/verkaufsoffener-sonntag/&#8220; image=&#8220;https://hgv-bordesholm.de/wp-content/uploads/2024/11/Bahnhofstr-5-scaled-e1730980250835.jpg&#8220; admin_label=&#8220;Veranstaltungen&#8220; _builder_version=&#8220;4.23.4&#8243; z_index_tablet=&#8220;500&#8243; global_colors_info=&#8220;{}&#8220;]</p>
<p>&#8222;Zum Glück in Bordesholm&#8220;<br />Veranstaltungen und After-Work-Treffen sind Ausdruck der Lebensfreuede und geben Gelegenheit zu Erfahrungs- und Meinungsaustausch in zwangslosem Rahmen.</p>
<p>[/et_pb_blurb][/et_pb_column][/et_pb_row][et_pb_row _builder_version=&#8220;4.19.4&#8243; _module_preset=&#8220;default&#8220; global_colors_info=&#8220;{}&#8220;][et_pb_column type=&#8220;4_4&#8243; _builder_version=&#8220;4.19.4&#8243; _module_preset=&#8220;default&#8220; global_colors_info=&#8220;{}&#8220;][et_pb_blurb admin_label=&#8220;Praktikum&#8220; _builder_version=&#8220;4.23.4&#8243; _module_preset=&#8220;default&#8220; box_shadow_style=&#8220;preset6&#8243; box_shadow_spread=&#8220;20px&#8220; box_shadow_color=&#8220;#7CDA24&#8243; global_colors_info=&#8220;{}&#8220;]</p>
<h3> </h3>
<h3 style="text-align: center;"><strong>Praktikumsplatz gesucht?<br /></strong></h3>
<p style="text-align: center;"><strong>Unsere Mitglieder nehmen gerne Praktikantinnen und Praktikanten auf, informieren über ihr Gewerbe bzw. ihren Betrieb. <br />Bei Interesse bitte <a href="mailto:hgv.schellewald@gmail.com" target="_blank" rel="noopener">E-Mail an den HGV</a>.<br /></strong></p>
<p>&nbsp;</p>
<p>[/et_pb_blurb][/et_pb_column][/et_pb_row][et_pb_row _builder_version=&#8220;4.16&#8243; global_colors_info=&#8220;{}&#8220;][et_pb_column type=&#8220;4_4&#8243; _builder_version=&#8220;4.16&#8243; global_colors_info=&#8220;{}&#8220;][et_pb_text admin_label=&#8220;Corona Anzeige&#8220; _builder_version=&#8220;4.23.4&#8243; text_font_size=&#8220;9px&#8220; text_line_height=&#8220;1.6em&#8220; background_color=&#8220;#7cda24&#8243; border_width_all=&#8220;3px&#8220; box_shadow_style=&#8220;preset6&#8243; global_colors_info=&#8220;{}&#8220;]</p>
<p>&nbsp;</p>
<h4 style="text-align: center;"><strong>Liebe Mitbürgerinnen und Mitbürger, wir bauen auf Ihre Loyalität.<br /></strong></h4>
<h4 style="text-align: center;"><span style="color: #ff0000;"><strong>Lokal shoppen &#8211; gemeinsam für Bordesholm!</strong></span></h4>
<h4 style="text-align: center;"><span style="color: #333333;"><strong>Helfen Sie unseren Geschäften, ihre und die Zukunft ihrer Mitarbeiter*innen zu sichern</strong><strong>!</strong></span></h4>
<h4 style="text-align: center;"><span style="color: #0000ff;"><strong><span style="color: #333333;">Nutzen Sie unser vielfältiges regionales Angebot und die persönliche Beratung!</span><br /></strong></span></h4>
<h4 style="text-align: center;"><span style="color: #ff0000;"><strong>E</strong><strong>rhalten Sie die lebendige, lebenswerte Einkaufsvielfalt im Ort!</strong></span></h4>
<h4 style="text-align: center;"><strong>Ihr HGV-Vorstand</strong></h4>
<p>&nbsp;</p>
<p>[/et_pb_text][/et_pb_column][/et_pb_row][/et_pb_section]</p>

<p>Willkommen beim Handwerks- und GewerbevereinBordesholmer Land e.V. &nbsp;Hier weisen wir auf Termine, wie Mitglieder- versammlungen und Vorstandssitzungen wie auch verschiedene Veranstaltungen hin.Ein Warengutschein für eine bunte Vielfalt von Geschäften im Bordesholmer Land: Ein Geschenk mit echtem Mehrwert!Hier finden Sie einen Überblick die Handwerksbetriebe unter unseren Mitgliedern. Informieren Sie sich!Alle zwei Jahre wird ein Unternehmer*in für [&hellip;]</p>
